{"id":829,"date":"2025-03-21T15:43:37","date_gmt":"2025-03-21T14:43:37","guid":{"rendered":"https:\/\/celinecamilleri.art\/?page_id=829"},"modified":"2025-10-10T10:43:34","modified_gmt":"2025-10-10T08:43:34","slug":"verdures","status":"publish","type":"page","link":"https:\/\/celinecamilleri.art\/en\/verdures\/","title":{"rendered":"Verdures"},"content":{"rendered":"<div data-elementor-type=\"wp-page\" data-elementor-id=\"829\" class=\"elementor elementor-829\">\n\t\t\t\t<div class=\"elementor-element elementor-element-e1c5aa4 e-flex e-con-boxed e-con e-parent\" data-id=\"e1c5aa4\" data-element_type=\"container\" data-e-type=\"container\">\n\t\t\t\t\t<div class=\"e-con-inner\">\n\t\t<div class=\"elementor-element elementor-element-40ab803 e-con-full e-flex e-con e-child\" data-id=\"40ab803\" data-element_type=\"container\" data-e-type=\"container\">\n\t\t\t\t<div class=\"elementor-element elementor-element-dbe71e9 elementor-widget elementor-widget-heading\" data-id=\"dbe71e9\" data-element_type=\"widget\" data-e-type=\"widget\" data-widget_type=\"heading.default\">\n\t\t\t\t<div class=\"elementor-widget-container\">\n\t\t\t\t\t<h1 class=\"elementor-heading-title elementor-size-default\">VERDURES<\/h1>\t\t\t\t<\/div>\n\t\t\t\t<\/div>\n\t\t\t\t<div class=\"elementor-element elementor-element-5ac5a89 elementor-widget elementor-widget-text-editor\" data-id=\"5ac5a89\" data-element_type=\"widget\" data-e-type=\"widget\" data-widget_type=\"text-editor.default\">\n\t\t\t\t<div class=\"elementor-widget-container\">\n\t\t\t\t\t\t\t\t\t<p><span data-olk-copy-source=\"MessageBody\">Avec les Verdures, C\u00e9line Camilleri poursuit ses investigations entre nature sauvage et domestiqu\u00e9e. Inspir\u00e9e par les verdures d\u2019Aubusson du XVIII\u00e8me si\u00e8cle et les d\u00e9cors luxuriants de ses voyages en Am\u00e9rique latine, elle esquisse une for\u00eat d\u2019appartement. Prenant appui sur l\u2019architecture et les moulures existantes, les tresses et feuilles s\u2019insinuent dans le quotidien. Pour la r\u00e9alisation des feuilles, l\u2019art japonais du tressage et les tresses \u00e9l\u00e9gantes de la dentelle Cluny de Brioude se sont rencontr\u00e9es. Un assemblage qui dessine des motifs graphiques et l\u00e9gers, pr\u00eats \u00e0 \u00eatre model\u00e9s. Les cordons de laine aux verts tendres et profonds attrapent la lumi\u00e8re et se d\u00e9ploient suivant un d\u00e9grad\u00e9 qui participe au mouvement d\u2019ensemble. Les lignes duveteuses nous font traverser la pi\u00e8ce du regard avec vitalit\u00e9, nous transportant bien au-del\u00e0. <\/span><\/p>\t\t\t\t\t\t\t\t<\/div>\n\t\t\t\t<\/div>\n\t\t\t\t<\/div>\n\t\t\t\t\t<\/div>\n\t\t\t\t<\/div>\n\t\t<div class=\"elementor-element elementor-element-66a1acc e-flex e-con-boxed e-con e-parent\" data-id=\"66a1acc\" data-element_type=\"container\" data-e-type=\"container\">\n\t\t\t\t\t<div class=\"e-con-inner\">\n\t\t<div class=\"elementor-element elementor-element-c5eaf1f e-con-full e-flex e-con e-child\" data-id=\"c5eaf1f\" data-element_type=\"container\" data-e-type=\"container\" data-settings=\"{&quot;background_background&quot;:&quot;classic&quot;}\">\n\t\t\t\t<div class=\"elementor-element elementor-element-6bc4b0b elementor-widget elementor-widget-text-editor\" data-id=\"6bc4b0b\" data-element_type=\"widget\" data-e-type=\"widget\" data-widget_type=\"text-editor.default\">\n\t\t\t\t<div class=\"elementor-widget-container\">\n\t\t\t\t\t\t\t\t\t<p><strong>Verdures, <br \/>mars 2025<br \/><span data-olk-copy-source=\"MessageBody\">Commande priv\u00e9e, Paris XV \u00e8me<\/span>,<\/strong><\/p><div>400 x 250 cm<\/div>\t\t\t\t\t\t\t\t<\/div>\n\t\t\t\t<\/div>\n\t\t\t\t<div class=\"elementor-element elementor-element-702462e elementor-widget elementor-widget-image\" data-id=\"702462e\" data-element_type=\"widget\" data-e-type=\"widget\" data-widget_type=\"image.default\">\n\t\t\t\t<div class=\"elementor-widget-container\">\n\t\t\t\t\t\t\t\t\t\t\t\t\t\t\t<img fetchpriority=\"high\" decoding=\"async\" width=\"770\" height=\"1280\" src=\"https:\/\/celinecamilleri.art\/wp-content\/uploads\/IMGP2339.jpg\" class=\"attachment-1536x1536 size-1536x1536 wp-image-992\" alt=\"\" srcset=\"https:\/\/celinecamilleri.art\/wp-content\/uploads\/IMGP2339.jpg 770w, https:\/\/celinecamilleri.art\/wp-content\/uploads\/IMGP2339-180x300.jpg 180w, https:\/\/celinecamilleri.art\/wp-content\/uploads\/IMGP2339-616x1024.jpg 616w, https:\/\/celinecamilleri.art\/wp-content\/uploads\/IMGP2339-768x1277.jpg 768w, https:\/\/celinecamilleri.art\/wp-content\/uploads\/IMGP2339-7x12.jpg 7w\" sizes=\"(max-width: 770px) 100vw, 770px\" \/>\t\t\t\t\t\t\t\t\t\t\t\t\t\t\t<\/div>\n\t\t\t\t<\/div>\n\t\t\t\t<\/div>\n\t\t<div class=\"elementor-element elementor-element-d051b83 e-con-full e-flex e-con e-child\" data-id=\"d051b83\" data-element_type=\"container\" data-e-type=\"container\" data-settings=\"{&quot;background_background&quot;:&quot;classic&quot;}\">\n\t\t\t\t<div class=\"elementor-element elementor-element-6b3b90a elementor-widget elementor-widget-image\" data-id=\"6b3b90a\" data-element_type=\"widget\" data-e-type=\"widget\" data-widget_type=\"image.default\">\n\t\t\t\t<div class=\"elementor-widget-container\">\n\t\t\t\t\t\t\t\t\t\t\t\t\t\t\t<img decoding=\"async\" width=\"1280\" height=\"850\" src=\"https:\/\/celinecamilleri.art\/wp-content\/uploads\/IMGP2332.jpg\" class=\"attachment-1536x1536 size-1536x1536 wp-image-990\" alt=\"\" srcset=\"https:\/\/celinecamilleri.art\/wp-content\/uploads\/IMGP2332.jpg 1280w, https:\/\/celinecamilleri.art\/wp-content\/uploads\/IMGP2332-300x199.jpg 300w, https:\/\/celinecamilleri.art\/wp-content\/uploads\/IMGP2332-1024x680.jpg 1024w, https:\/\/celinecamilleri.art\/wp-content\/uploads\/IMGP2332-768x510.jpg 768w, https:\/\/celinecamilleri.art\/wp-content\/uploads\/IMGP2332-18x12.jpg 18w\" sizes=\"(max-width: 1280px) 100vw, 1280px\" \/>\t\t\t\t\t\t\t\t\t\t\t\t\t\t\t<\/div>\n\t\t\t\t<\/div>\n\t\t\t\t<\/div>\n\t\t<div class=\"elementor-element elementor-element-401f55c e-con-full e-flex e-con e-child\" data-id=\"401f55c\" data-element_type=\"container\" data-e-type=\"container\" data-settings=\"{&quot;background_background&quot;:&quot;classic&quot;}\">\n\t\t\t\t<div class=\"elementor-element elementor-element-c701e59 elementor-widget elementor-widget-image\" data-id=\"c701e59\" data-element_type=\"widget\" data-e-type=\"widget\" data-widget_type=\"image.default\">\n\t\t\t\t<div class=\"elementor-widget-container\">\n\t\t\t\t\t\t\t\t\t\t\t\t\t\t\t<img decoding=\"async\" width=\"1280\" height=\"944\" src=\"https:\/\/celinecamilleri.art\/wp-content\/uploads\/IMG_1138-2.jpg\" class=\"attachment-1536x1536 size-1536x1536 wp-image-988\" alt=\"\" srcset=\"https:\/\/celinecamilleri.art\/wp-content\/uploads\/IMG_1138-2.jpg 1280w, https:\/\/celinecamilleri.art\/wp-content\/uploads\/IMG_1138-2-300x221.jpg 300w, https:\/\/celinecamilleri.art\/wp-content\/uploads\/IMG_1138-2-1024x755.jpg 1024w, https:\/\/celinecamilleri.art\/wp-content\/uploads\/IMG_1138-2-768x566.jpg 768w, https:\/\/celinecamilleri.art\/wp-content\/uploads\/IMG_1138-2-16x12.jpg 16w\" sizes=\"(max-width: 1280px) 100vw, 1280px\" \/>\t\t\t\t\t\t\t\t\t\t\t\t\t\t\t<\/div>\n\t\t\t\t<\/div>\n\t\t\t\t<\/div>\n\t\t<div class=\"elementor-element elementor-element-3dd15a0 e-con-full e-flex e-con e-child\" data-id=\"3dd15a0\" data-element_type=\"container\" data-e-type=\"container\" data-settings=\"{&quot;background_background&quot;:&quot;classic&quot;}\">\n\t\t\t\t<div class=\"elementor-element elementor-element-7e6e556 elementor-widget elementor-widget-image\" data-id=\"7e6e556\" data-element_type=\"widget\" data-e-type=\"widget\" data-widget_type=\"image.default\">\n\t\t\t\t<div class=\"elementor-widget-container\">\n\t\t\t\t\t\t\t\t\t\t\t\t\t\t\t<img loading=\"lazy\" decoding=\"async\" width=\"866\" height=\"1280\" src=\"https:\/\/celinecamilleri.art\/wp-content\/uploads\/IMG_1129-2.jpg\" class=\"attachment-1536x1536 size-1536x1536 wp-image-987\" alt=\"\" srcset=\"https:\/\/celinecamilleri.art\/wp-content\/uploads\/IMG_1129-2.jpg 866w, https:\/\/celinecamilleri.art\/wp-content\/uploads\/IMG_1129-2-203x300.jpg 203w, https:\/\/celinecamilleri.art\/wp-content\/uploads\/IMG_1129-2-693x1024.jpg 693w, https:\/\/celinecamilleri.art\/wp-content\/uploads\/IMG_1129-2-768x1135.jpg 768w, https:\/\/celinecamilleri.art\/wp-content\/uploads\/IMG_1129-2-8x12.jpg 8w\" sizes=\"(max-width: 866px) 100vw, 866px\" \/>\t\t\t\t\t\t\t\t\t\t\t\t\t\t\t<\/div>\n\t\t\t\t<\/div>\n\t\t\t\t<\/div>\n\t\t<div class=\"elementor-element elementor-element-170c512 e-con-full e-flex e-con e-child\" data-id=\"170c512\" data-element_type=\"container\" data-e-type=\"container\" data-settings=\"{&quot;background_background&quot;:&quot;classic&quot;}\">\n\t\t\t\t<div class=\"elementor-element elementor-element-3a25c2e elementor-widget elementor-widget-image\" data-id=\"3a25c2e\" data-element_type=\"widget\" data-e-type=\"widget\" data-widget_type=\"image.default\">\n\t\t\t\t<div class=\"elementor-widget-container\">\n\t\t\t\t\t\t\t\t\t\t\t\t\t\t\t<img loading=\"lazy\" decoding=\"async\" width=\"1280\" height=\"878\" src=\"https:\/\/celinecamilleri.art\/wp-content\/uploads\/IMG_1128.jpg\" class=\"attachment-1536x1536 size-1536x1536 wp-image-986\" alt=\"\" srcset=\"https:\/\/celinecamilleri.art\/wp-content\/uploads\/IMG_1128.jpg 1280w, https:\/\/celinecamilleri.art\/wp-content\/uploads\/IMG_1128-300x206.jpg 300w, https:\/\/celinecamilleri.art\/wp-content\/uploads\/IMG_1128-1024x702.jpg 1024w, https:\/\/celinecamilleri.art\/wp-content\/uploads\/IMG_1128-768x527.jpg 768w, https:\/\/celinecamilleri.art\/wp-content\/uploads\/IMG_1128-18x12.jpg 18w\" sizes=\"(max-width: 1280px) 100vw, 1280px\" \/>\t\t\t\t\t\t\t\t\t\t\t\t\t\t\t<\/div>\n\t\t\t\t<\/div>\n\t\t\t\t<\/div>\n\t\t\t\t\t<\/div>\n\t\t\t\t<\/div>\n\t\t\t\t<\/div>","protected":false},"excerpt":{"rendered":"<p>VERDURES Avec les Verdures, C\u00e9line Camilleri poursuit ses investigations entre nature sauvage et domestiqu\u00e9e. Inspir\u00e9e par les verdures d\u2019Aubusson du XVIII\u00e8me si\u00e8cle et les d\u00e9cors luxuriants de ses voyages en Am\u00e9rique latine, elle esquisse une for\u00eat d\u2019appartement. Prenant appui sur l\u2019architecture et les moulures existantes, les tresses et feuilles s\u2019insinuent dans le quotidien. Pour la [&hellip;]<\/p>\n","protected":false},"author":1,"featured_media":0,"parent":0,"menu_order":0,"comment_status":"closed","ping_status":"closed","template":"","meta":{"footnotes":""},"class_list":["post-829","page","type-page","status-publish","hentry"],"_links":{"self":[{"href":"https:\/\/celinecamilleri.art\/en\/wp-json\/wp\/v2\/pages\/829","targetHints":{"allow":["GET"]}}],"collection":[{"href":"https:\/\/celinecamilleri.art\/en\/wp-json\/wp\/v2\/pages"}],"about":[{"href":"https:\/\/celinecamilleri.art\/en\/wp-json\/wp\/v2\/types\/page"}],"author":[{"embeddable":true,"href":"https:\/\/celinecamilleri.art\/en\/wp-json\/wp\/v2\/users\/1"}],"replies":[{"embeddable":true,"href":"https:\/\/celinecamilleri.art\/en\/wp-json\/wp\/v2\/comments?post=829"}],"version-history":[{"count":10,"href":"https:\/\/celinecamilleri.art\/en\/wp-json\/wp\/v2\/pages\/829\/revisions"}],"predecessor-version":[{"id":995,"href":"https:\/\/celinecamilleri.art\/en\/wp-json\/wp\/v2\/pages\/829\/revisions\/995"}],"wp:attachment":[{"href":"https:\/\/celinecamilleri.art\/en\/wp-json\/wp\/v2\/media?parent=829"}],"curies":[{"name":"wp","href":"https:\/\/api.w.org\/{rel}","templated":true}]}}

<div data-elementor-type="wp-page" data-elementor-id="829" class="elementor elementor-829">
				<div class="elementor-element elementor-element-e1c5aa4 e-flex e-con-boxed e-con e-parent" data-id="e1c5aa4" data-element_type="container" data-e-type="container">
					<div class="e-con-inner">
		<div class="elementor-element elementor-element-40ab803 e-con-full e-flex e-con e-child" data-id="40ab803" data-element_type="container" data-e-type="container">
				<div class="elementor-element elementor-element-dbe71e9 elementor-widget elementor-widget-heading" data-id="dbe71e9" data-element_type="widget" data-e-type="widget" data-widget_type="heading.default">
				<div class="elementor-widget-container">
					<h1 class="elementor-heading-title elementor-size-default">VERDURES</h1>				</div>
				</div>
				<div class="elementor-element elementor-element-5ac5a89 elementor-widget elementor-widget-text-editor" data-id="5ac5a89" data-element_type="widget" data-e-type="widget" data-widget_type="text-editor.default">
				<div class="elementor-widget-container">
									<p><span data-olk-copy-source="MessageBody">Avec les Verdures, Céline Camilleri poursuit ses investigations entre nature sauvage et domestiquée. Inspirée par les verdures d’Aubusson du XVIIIème siècle et les décors luxuriants de ses voyages en Amérique latine, elle esquisse une forêt d’appartement. Prenant appui sur l’architecture et les moulures existantes, les tresses et feuilles s’insinuent dans le quotidien. Pour la réalisation des feuilles, l’art japonais du tressage et les tresses élégantes de la dentelle Cluny de Brioude se sont rencontrées. Un assemblage qui dessine des motifs graphiques et légers, prêts à être modelés. Les cordons de laine aux verts tendres et profonds attrapent la lumière et se déploient suivant un dégradé qui participe au mouvement d’ensemble. Les lignes duveteuses nous font traverser la pièce du regard avec vitalité, nous transportant bien au-delà. </span></p>								</div>
				</div>
				</div>
					</div>
				</div>
		<div class="elementor-element elementor-element-66a1acc e-flex e-con-boxed e-con e-parent" data-id="66a1acc" data-element_type="container" data-e-type="container">
					<div class="e-con-inner">
		<div class="elementor-element elementor-element-c5eaf1f e-con-full e-flex e-con e-child" data-id="c5eaf1f" data-element_type="container" data-e-type="container" data-settings="{&quot;background_background&quot;:&quot;classic&quot;}">
				<div class="elementor-element elementor-element-6bc4b0b elementor-widget elementor-widget-text-editor" data-id="6bc4b0b" data-element_type="widget" data-e-type="widget" data-widget_type="text-editor.default">
				<div class="elementor-widget-container">
									<p><strong>Verdures, <br />mars 2025<br /><span data-olk-copy-source="MessageBody">Commande privée, Paris XV ème</span>,</strong></p><div>400 x 250 cm</div>								</div>
				</div>
				<div class="elementor-element elementor-element-702462e elementor-widget elementor-widget-image" data-id="702462e" data-element_type="widget" data-e-type="widget" data-widget_type="image.default">
				<div class="elementor-widget-container">
															<img fetchpriority="high" decoding="async" width="770" height="1280" src="https://celinecamilleri.art/wp-content/uploads/IMGP2339.jpg" class="attachment-1536x1536 size-1536x1536 wp-image-992" alt="" srcset="https://celinecamilleri.art/wp-content/uploads/IMGP2339.jpg 770w, https://celinecamilleri.art/wp-content/uploads/IMGP2339-180x300.jpg 180w, https://celinecamilleri.art/wp-content/uploads/IMGP2339-616x1024.jpg 616w, https://celinecamilleri.art/wp-content/uploads/IMGP2339-768x1277.jpg 768w, https://celinecamilleri.art/wp-content/uploads/IMGP2339-7x12.jpg 7w" sizes="(max-width: 770px) 100vw, 770px" />															</div>
				</div>
				</div>
		<div class="elementor-element elementor-element-d051b83 e-con-full e-flex e-con e-child" data-id="d051b83" data-element_type="container" data-e-type="container" data-settings="{&quot;background_background&quot;:&quot;classic&quot;}">
				<div class="elementor-element elementor-element-6b3b90a elementor-widget elementor-widget-image" data-id="6b3b90a" data-element_type="widget" data-e-type="widget" data-widget_type="image.default">
				<div class="elementor-widget-container">
															<img decoding="async" width="1280" height="850" src="https://celinecamilleri.art/wp-content/uploads/IMGP2332.jpg" class="attachment-1536x1536 size-1536x1536 wp-image-990" alt="" srcset="https://celinecamilleri.art/wp-content/uploads/IMGP2332.jpg 1280w, https://celinecamilleri.art/wp-content/uploads/IMGP2332-300x199.jpg 300w, https://celinecamilleri.art/wp-content/uploads/IMGP2332-1024x680.jpg 1024w, https://celinecamilleri.art/wp-content/uploads/IMGP2332-768x510.jpg 768w, https://celinecamilleri.art/wp-content/uploads/IMGP2332-18x12.jpg 18w" sizes="(max-width: 1280px) 100vw, 1280px" />															</div>
				</div>
				</div>
		<div class="elementor-element elementor-element-401f55c e-con-full e-flex e-con e-child" data-id="401f55c" data-element_type="container" data-e-type="container" data-settings="{&quot;background_background&quot;:&quot;classic&quot;}">
				<div class="elementor-element elementor-element-c701e59 elementor-widget elementor-widget-image" data-id="c701e59" data-element_type="widget" data-e-type="widget" data-widget_type="image.default">
				<div class="elementor-widget-container">
															<img decoding="async" width="1280" height="944" src="https://celinecamilleri.art/wp-content/uploads/IMG_1138-2.jpg" class="attachment-1536x1536 size-1536x1536 wp-image-988" alt="" srcset="https://celinecamilleri.art/wp-content/uploads/IMG_1138-2.jpg 1280w, https://celinecamilleri.art/wp-content/uploads/IMG_1138-2-300x221.jpg 300w, https://celinecamilleri.art/wp-content/uploads/IMG_1138-2-1024x755.jpg 1024w, https://celinecamilleri.art/wp-content/uploads/IMG_1138-2-768x566.jpg 768w, https://celinecamilleri.art/wp-content/uploads/IMG_1138-2-16x12.jpg 16w" sizes="(max-width: 1280px) 100vw, 1280px" />															</div>
				</div>
				</div>
		<div class="elementor-element elementor-element-3dd15a0 e-con-full e-flex e-con e-child" data-id="3dd15a0" data-element_type="container" data-e-type="container" data-settings="{&quot;background_background&quot;:&quot;classic&quot;}">
				<div class="elementor-element elementor-element-7e6e556 elementor-widget elementor-widget-image" data-id="7e6e556" data-element_type="widget" data-e-type="widget" data-widget_type="image.default">
				<div class="elementor-widget-container">
															<img loading="lazy" decoding="async" width="866" height="1280" src="https://celinecamilleri.art/wp-content/uploads/IMG_1129-2.jpg" class="attachment-1536x1536 size-1536x1536 wp-image-987" alt="" srcset="https://celinecamilleri.art/wp-content/uploads/IMG_1129-2.jpg 866w, https://celinecamilleri.art/wp-content/uploads/IMG_1129-2-203x300.jpg 203w, https://celinecamilleri.art/wp-content/uploads/IMG_1129-2-693x1024.jpg 693w, https://celinecamilleri.art/wp-content/uploads/IMG_1129-2-768x1135.jpg 768w, https://celinecamilleri.art/wp-content/uploads/IMG_1129-2-8x12.jpg 8w" sizes="(max-width: 866px) 100vw, 866px" />															</div>
				</div>
				</div>
		<div class="elementor-element elementor-element-170c512 e-con-full e-flex e-con e-child" data-id="170c512" data-element_type="container" data-e-type="container" data-settings="{&quot;background_background&quot;:&quot;classic&quot;}">
				<div class="elementor-element elementor-element-3a25c2e elementor-widget elementor-widget-image" data-id="3a25c2e" data-element_type="widget" data-e-type="widget" data-widget_type="image.default">
				<div class="elementor-widget-container">
															<img loading="lazy" decoding="async" width="1280" height="878" src="https://celinecamilleri.art/wp-content/uploads/IMG_1128.jpg" class="attachment-1536x1536 size-1536x1536 wp-image-986" alt="" srcset="https://celinecamilleri.art/wp-content/uploads/IMG_1128.jpg 1280w, https://celinecamilleri.art/wp-content/uploads/IMG_1128-300x206.jpg 300w, https://celinecamilleri.art/wp-content/uploads/IMG_1128-1024x702.jpg 1024w, https://celinecamilleri.art/wp-content/uploads/IMG_1128-768x527.jpg 768w, https://celinecamilleri.art/wp-content/uploads/IMG_1128-18x12.jpg 18w" sizes="(max-width: 1280px) 100vw, 1280px" />															</div>
				</div>
				</div>
					</div>
				</div>
				</div>

<p>VERDURES Avec les Verdures, Céline Camilleri poursuit ses investigations entre nature sauvage et domestiquée. Inspirée par les verdures d’Aubusson du XVIIIème siècle et les décors luxuriants de ses voyages en Amérique latine, elle esquisse une forêt d’appartement. Prenant appui sur l’architecture et les moulures existantes, les tresses et feuilles s’insinuent dans le quotidien. Pour la [&hellip;]</p>
