{"id":524,"date":"2025-03-11T18:46:25","date_gmt":"2025-03-11T17:46:25","guid":{"rendered":"https:\/\/celinecamilleri.art\/?page_id=524"},"modified":"2025-03-19T19:53:19","modified_gmt":"2025-03-19T18:53:19","slug":"dentelle-sculpturale","status":"publish","type":"page","link":"https:\/\/celinecamilleri.art\/en\/dentelle-sculpturale\/","title":{"rendered":"Dentelle sculpturale"},"content":{"rendered":"<div data-elementor-type=\"wp-page\" data-elementor-id=\"524\" class=\"elementor elementor-524\">\n\t\t\t\t<div class=\"elementor-element elementor-element-e1c5aa4 e-flex e-con-boxed e-con e-parent\" data-id=\"e1c5aa4\" data-element_type=\"container\" data-e-type=\"container\">\n\t\t\t\t\t<div class=\"e-con-inner\">\n\t\t<div class=\"elementor-element elementor-element-40ab803 e-con-full e-flex e-con e-child\" data-id=\"40ab803\" data-element_type=\"container\" data-e-type=\"container\">\n\t\t\t\t<div class=\"elementor-element elementor-element-dbe71e9 elementor-widget elementor-widget-heading\" data-id=\"dbe71e9\" data-element_type=\"widget\" data-e-type=\"widget\" data-widget_type=\"heading.default\">\n\t\t\t\t<div class=\"elementor-widget-container\">\n\t\t\t\t\t<h1 class=\"elementor-heading-title elementor-size-default\">DENTELLE SCULPTURALE : UNE ODE \u00c0 LA NATURE ET AU MOUVEMENT<\/h1>\t\t\t\t<\/div>\n\t\t\t\t<\/div>\n\t\t\t\t<div class=\"elementor-element elementor-element-5ac5a89 elementor-widget elementor-widget-text-editor\" data-id=\"5ac5a89\" data-element_type=\"widget\" data-e-type=\"widget\" data-widget_type=\"text-editor.default\">\n\t\t\t\t<div class=\"elementor-widget-container\">\n\t\t\t\t\t\t\t\t\t<p>C\u00e9line Camilleri explore avec passion l\u2019essence de la nature en mouvement \u00e0 travers ses cr\u00e9ations de dentelle sculpturale, une technique hybride o\u00f9 la laine se m\u00e9tamorphose en lignes vibrantes et po\u00e9tiques. Travaillant avec des cordons de laine aux textures duveteuses, l\u2019artiste tisse des paysages expressifs et organiques, m\u00ealant instincts premiers et savoir-faire artisanal. Ses \u0153uvres traduisent une tension entre l\u2019animal, le v\u00e9g\u00e9tal et l\u2019humain, o\u00f9 chaque fil devient une prolongation de son geste, de son appartenance au r\u00e8gne du vivant. Avec patience et intuition, elle nous invite \u00e0 re-garder la magnificence du monde qui nous entoure.<\/p>\t\t\t\t\t\t\t\t<\/div>\n\t\t\t\t<\/div>\n\t\t\t\t<\/div>\n\t\t\t\t\t<\/div>\n\t\t\t\t<\/div>\n\t\t<div class=\"elementor-element elementor-element-66a1acc e-flex e-con-boxed e-con e-parent\" data-id=\"66a1acc\" data-element_type=\"container\" data-e-type=\"container\">\n\t\t\t\t\t<div class=\"e-con-inner\">\n\t\t<div class=\"elementor-element elementor-element-c5eaf1f e-con-full e-flex e-con e-child\" data-id=\"c5eaf1f\" data-element_type=\"container\" data-e-type=\"container\" data-settings=\"{&quot;background_background&quot;:&quot;classic&quot;}\">\n\t\t\t\t<div class=\"elementor-element elementor-element-6bc4b0b elementor-widget elementor-widget-text-editor\" data-id=\"6bc4b0b\" data-element_type=\"widget\" data-e-type=\"widget\" data-widget_type=\"text-editor.default\">\n\t\t\t\t<div class=\"elementor-widget-container\">\n\t\t\t\t\t\t\t\t\t<p><strong>Dentelle sauvage, <br \/>octobre 2024<br \/>les RDV de la mati\u00e8re, Paris,<br \/><\/strong><\/p><p>90 x 70 cm, fil de laine et fil de m\u00e9tal<\/p><p>\u00a9 Ghislain Botto<\/p>\t\t\t\t\t\t\t\t<\/div>\n\t\t\t\t<\/div>\n\t\t\t\t<div class=\"elementor-element elementor-element-702462e elementor-widget elementor-widget-image\" data-id=\"702462e\" data-element_type=\"widget\" data-e-type=\"widget\" data-widget_type=\"image.default\">\n\t\t\t\t<div class=\"elementor-widget-container\">\n\t\t\t\t\t\t\t\t\t\t\t\t\t\t\t<img fetchpriority=\"high\" decoding=\"async\" width=\"1024\" height=\"1280\" src=\"https:\/\/celinecamilleri.art\/wp-content\/uploads\/dentelle-sculturale-celine-camilleri-01.jpg\" class=\"attachment-1536x1536 size-1536x1536 wp-image-331\" alt=\"Dentelle sculpturale - C\u00e9line Camilleri\" srcset=\"https:\/\/celinecamilleri.art\/wp-content\/uploads\/dentelle-sculturale-celine-camilleri-01.jpg 1024w, https:\/\/celinecamilleri.art\/wp-content\/uploads\/dentelle-sculturale-celine-camilleri-01-240x300.jpg 240w, https:\/\/celinecamilleri.art\/wp-content\/uploads\/dentelle-sculturale-celine-camilleri-01-819x1024.jpg 819w, https:\/\/celinecamilleri.art\/wp-content\/uploads\/dentelle-sculturale-celine-camilleri-01-768x960.jpg 768w\" sizes=\"(max-width: 1024px) 100vw, 1024px\" \/>\t\t\t\t\t\t\t\t\t\t\t\t\t\t\t<\/div>\n\t\t\t\t<\/div>\n\t\t\t\t<\/div>\n\t\t<div class=\"elementor-element elementor-element-d051b83 e-con-full e-flex e-con e-child\" data-id=\"d051b83\" data-element_type=\"container\" data-e-type=\"container\" data-settings=\"{&quot;background_background&quot;:&quot;classic&quot;}\">\n\t\t\t\t<div class=\"elementor-element elementor-element-6b3b90a elementor-widget elementor-widget-image\" data-id=\"6b3b90a\" data-element_type=\"widget\" data-e-type=\"widget\" data-widget_type=\"image.default\">\n\t\t\t\t<div class=\"elementor-widget-container\">\n\t\t\t\t\t\t\t\t\t\t\t\t\t\t\t<img decoding=\"async\" width=\"1024\" height=\"1280\" src=\"https:\/\/celinecamilleri.art\/wp-content\/uploads\/dentelle-sculturale-celine-camilleri-02.jpg\" class=\"attachment-1536x1536 size-1536x1536 wp-image-532\" alt=\"Dentelle sculpturale - C\u00e9line Camilleri\" srcset=\"https:\/\/celinecamilleri.art\/wp-content\/uploads\/dentelle-sculturale-celine-camilleri-02.jpg 1024w, https:\/\/celinecamilleri.art\/wp-content\/uploads\/dentelle-sculturale-celine-camilleri-02-240x300.jpg 240w, https:\/\/celinecamilleri.art\/wp-content\/uploads\/dentelle-sculturale-celine-camilleri-02-819x1024.jpg 819w, https:\/\/celinecamilleri.art\/wp-content\/uploads\/dentelle-sculturale-celine-camilleri-02-768x960.jpg 768w\" sizes=\"(max-width: 1024px) 100vw, 1024px\" \/>\t\t\t\t\t\t\t\t\t\t\t\t\t\t\t<\/div>\n\t\t\t\t<\/div>\n\t\t\t\t<\/div>\n\t\t\t\t\t<\/div>\n\t\t\t\t<\/div>\n\t\t\t\t<\/div>","protected":false},"excerpt":{"rendered":"<p>DENTELLE SCULPTURALE : UNE ODE \u00c0 LA NATURE ET AU MOUVEMENT C\u00e9line Camilleri explore avec passion l\u2019essence de la nature en mouvement \u00e0 travers ses cr\u00e9ations de dentelle sculpturale, une technique hybride o\u00f9 la laine se m\u00e9tamorphose en lignes vibrantes et po\u00e9tiques. Travaillant avec des cordons de laine aux textures duveteuses, l\u2019artiste tisse des paysages [&hellip;]<\/p>\n","protected":false},"author":1,"featured_media":0,"parent":0,"menu_order":0,"comment_status":"closed","ping_status":"closed","template":"","meta":{"footnotes":""},"class_list":["post-524","page","type-page","status-publish","hentry"],"_links":{"self":[{"href":"https:\/\/celinecamilleri.art\/en\/wp-json\/wp\/v2\/pages\/524","targetHints":{"allow":["GET"]}}],"collection":[{"href":"https:\/\/celinecamilleri.art\/en\/wp-json\/wp\/v2\/pages"}],"about":[{"href":"https:\/\/celinecamilleri.art\/en\/wp-json\/wp\/v2\/types\/page"}],"author":[{"embeddable":true,"href":"https:\/\/celinecamilleri.art\/en\/wp-json\/wp\/v2\/users\/1"}],"replies":[{"embeddable":true,"href":"https:\/\/celinecamilleri.art\/en\/wp-json\/wp\/v2\/comments?post=524"}],"version-history":[{"count":13,"href":"https:\/\/celinecamilleri.art\/en\/wp-json\/wp\/v2\/pages\/524\/revisions"}],"predecessor-version":[{"id":720,"href":"https:\/\/celinecamilleri.art\/en\/wp-json\/wp\/v2\/pages\/524\/revisions\/720"}],"wp:attachment":[{"href":"https:\/\/celinecamilleri.art\/en\/wp-json\/wp\/v2\/media?parent=524"}],"curies":[{"name":"wp","href":"https:\/\/api.w.org\/{rel}","templated":true}]}}

<div data-elementor-type="wp-page" data-elementor-id="524" class="elementor elementor-524">
				<div class="elementor-element elementor-element-e1c5aa4 e-flex e-con-boxed e-con e-parent" data-id="e1c5aa4" data-element_type="container" data-e-type="container">
					<div class="e-con-inner">
		<div class="elementor-element elementor-element-40ab803 e-con-full e-flex e-con e-child" data-id="40ab803" data-element_type="container" data-e-type="container">
				<div class="elementor-element elementor-element-dbe71e9 elementor-widget elementor-widget-heading" data-id="dbe71e9" data-element_type="widget" data-e-type="widget" data-widget_type="heading.default">
				<div class="elementor-widget-container">
					<h1 class="elementor-heading-title elementor-size-default">DENTELLE SCULPTURALE : UNE ODE À LA NATURE ET AU MOUVEMENT</h1>				</div>
				</div>
				<div class="elementor-element elementor-element-5ac5a89 elementor-widget elementor-widget-text-editor" data-id="5ac5a89" data-element_type="widget" data-e-type="widget" data-widget_type="text-editor.default">
				<div class="elementor-widget-container">
									<p>Céline Camilleri explore avec passion l’essence de la nature en mouvement à travers ses créations de dentelle sculpturale, une technique hybride où la laine se métamorphose en lignes vibrantes et poétiques. Travaillant avec des cordons de laine aux textures duveteuses, l’artiste tisse des paysages expressifs et organiques, mêlant instincts premiers et savoir-faire artisanal. Ses œuvres traduisent une tension entre l’animal, le végétal et l’humain, où chaque fil devient une prolongation de son geste, de son appartenance au règne du vivant. Avec patience et intuition, elle nous invite à re-garder la magnificence du monde qui nous entoure.</p>								</div>
				</div>
				</div>
					</div>
				</div>
		<div class="elementor-element elementor-element-66a1acc e-flex e-con-boxed e-con e-parent" data-id="66a1acc" data-element_type="container" data-e-type="container">
					<div class="e-con-inner">
		<div class="elementor-element elementor-element-c5eaf1f e-con-full e-flex e-con e-child" data-id="c5eaf1f" data-element_type="container" data-e-type="container" data-settings="{&quot;background_background&quot;:&quot;classic&quot;}">
				<div class="elementor-element elementor-element-6bc4b0b elementor-widget elementor-widget-text-editor" data-id="6bc4b0b" data-element_type="widget" data-e-type="widget" data-widget_type="text-editor.default">
				<div class="elementor-widget-container">
									<p><strong>Dentelle sauvage, <br />octobre 2024<br />les RDV de la matière, Paris,<br /></strong></p><p>90 x 70 cm, fil de laine et fil de métal</p><p>© Ghislain Botto</p>								</div>
				</div>
				<div class="elementor-element elementor-element-702462e elementor-widget elementor-widget-image" data-id="702462e" data-element_type="widget" data-e-type="widget" data-widget_type="image.default">
				<div class="elementor-widget-container">
															<img fetchpriority="high" decoding="async" width="1024" height="1280" src="https://celinecamilleri.art/wp-content/uploads/dentelle-sculturale-celine-camilleri-01.jpg" class="attachment-1536x1536 size-1536x1536 wp-image-331" alt="Dentelle sculpturale - Céline Camilleri" srcset="https://celinecamilleri.art/wp-content/uploads/dentelle-sculturale-celine-camilleri-01.jpg 1024w, https://celinecamilleri.art/wp-content/uploads/dentelle-sculturale-celine-camilleri-01-240x300.jpg 240w, https://celinecamilleri.art/wp-content/uploads/dentelle-sculturale-celine-camilleri-01-819x1024.jpg 819w, https://celinecamilleri.art/wp-content/uploads/dentelle-sculturale-celine-camilleri-01-768x960.jpg 768w" sizes="(max-width: 1024px) 100vw, 1024px" />															</div>
				</div>
				</div>
		<div class="elementor-element elementor-element-d051b83 e-con-full e-flex e-con e-child" data-id="d051b83" data-element_type="container" data-e-type="container" data-settings="{&quot;background_background&quot;:&quot;classic&quot;}">
				<div class="elementor-element elementor-element-6b3b90a elementor-widget elementor-widget-image" data-id="6b3b90a" data-element_type="widget" data-e-type="widget" data-widget_type="image.default">
				<div class="elementor-widget-container">
															<img decoding="async" width="1024" height="1280" src="https://celinecamilleri.art/wp-content/uploads/dentelle-sculturale-celine-camilleri-02.jpg" class="attachment-1536x1536 size-1536x1536 wp-image-532" alt="Dentelle sculpturale - Céline Camilleri" srcset="https://celinecamilleri.art/wp-content/uploads/dentelle-sculturale-celine-camilleri-02.jpg 1024w, https://celinecamilleri.art/wp-content/uploads/dentelle-sculturale-celine-camilleri-02-240x300.jpg 240w, https://celinecamilleri.art/wp-content/uploads/dentelle-sculturale-celine-camilleri-02-819x1024.jpg 819w, https://celinecamilleri.art/wp-content/uploads/dentelle-sculturale-celine-camilleri-02-768x960.jpg 768w" sizes="(max-width: 1024px) 100vw, 1024px" />															</div>
				</div>
				</div>
					</div>
				</div>
				</div>

<p>DENTELLE SCULPTURALE : UNE ODE À LA NATURE ET AU MOUVEMENT Céline Camilleri explore avec passion l’essence de la nature en mouvement à travers ses créations de dentelle sculpturale, une technique hybride où la laine se métamorphose en lignes vibrantes et poétiques. Travaillant avec des cordons de laine aux textures duveteuses, l’artiste tisse des paysages [&hellip;]</p>
