{"id":373,"date":"2025-03-08T14:07:35","date_gmt":"2025-03-08T13:07:35","guid":{"rendered":"https:\/\/celinecamilleri.art\/?page_id=373"},"modified":"2025-03-19T20:33:11","modified_gmt":"2025-03-19T19:33:11","slug":"tissage-primitif","status":"publish","type":"page","link":"https:\/\/celinecamilleri.art\/en\/tissage-primitif\/","title":{"rendered":"Tissage-primitif"},"content":{"rendered":"<div data-elementor-type=\"wp-page\" data-elementor-id=\"373\" class=\"elementor elementor-373\">\n\t\t\t\t<div class=\"elementor-element elementor-element-e1c5aa4 e-flex e-con-boxed e-con e-parent\" data-id=\"e1c5aa4\" data-element_type=\"container\" data-e-type=\"container\">\n\t\t\t\t\t<div class=\"e-con-inner\">\n\t\t<div class=\"elementor-element elementor-element-40ab803 e-con-full e-flex e-con e-child\" data-id=\"40ab803\" data-element_type=\"container\" data-e-type=\"container\">\n\t\t\t\t<div class=\"elementor-element elementor-element-dbe71e9 elementor-widget elementor-widget-heading\" data-id=\"dbe71e9\" data-element_type=\"widget\" data-e-type=\"widget\" data-widget_type=\"heading.default\">\n\t\t\t\t<div class=\"elementor-widget-container\">\n\t\t\t\t\t<h1 class=\"elementor-heading-title elementor-size-default\">PRIMITIVE WEAVING<\/h1>\t\t\t\t<\/div>\n\t\t\t\t<\/div>\n\t\t\t\t<div class=\"elementor-element elementor-element-5ac5a89 elementor-widget elementor-widget-text-editor\" data-id=\"5ac5a89\" data-element_type=\"widget\" data-e-type=\"widget\" data-widget_type=\"text-editor.default\">\n\t\t\t\t<div class=\"elementor-widget-container\">\n\t\t\t\t\t\t\t\t\t<p>Through a woven wool installation, C\u00e9line Camilleri illustrates our intrinsic connection to nature and its ever-changing essence\u2014at times serene, at times tumultuous. Her work, a metaphor for an organic labyrinth, represents a search for a \u00abthird skin,\u00bb a conceptual filter that challenges our perception of nature as a shared, cyclical space.<br \/>This approach is deeply informed by her experiences in rural landscapes, where she observes the complex interactions between humans and their environment. Her weaving becomes a powerful symbol of interconnected trajectories and natural cycles, offering a sensitive and thought-provoking interpretation of our relationship to the living world.<\/p>\t\t\t\t\t\t\t\t<\/div>\n\t\t\t\t<\/div>\n\t\t\t\t<\/div>\n\t\t\t\t\t<\/div>\n\t\t\t\t<\/div>\n\t\t<div class=\"elementor-element elementor-element-0ac9674 e-flex e-con-boxed e-con e-parent\" data-id=\"0ac9674\" data-element_type=\"container\" data-e-type=\"container\">\n\t\t\t\t\t<div class=\"e-con-inner\">\n\t\t<div class=\"elementor-element elementor-element-5142288 e-con-full e-flex e-con e-child\" data-id=\"5142288\" data-element_type=\"container\" data-e-type=\"container\" data-settings=\"{&quot;background_background&quot;:&quot;classic&quot;}\">\n\t\t\t\t<div class=\"elementor-element elementor-element-2770f00 elementor-widget elementor-widget-text-editor\" data-id=\"2770f00\" data-element_type=\"widget\" data-e-type=\"widget\" data-widget_type=\"text-editor.default\">\n\t\t\t\t<div class=\"elementor-widget-container\">\n\t\t\t\t\t\t\t\t\t<p><strong>Primitive Weaving 1 <br \/>January 2024<br \/>Maison&amp;Objet Show<\/strong><br \/>400 x 300 x 100 cm, wool and metal wire<\/p>\t\t\t\t\t\t\t\t<\/div>\n\t\t\t\t<\/div>\n\t\t\t\t<div class=\"elementor-element elementor-element-ca161d8 elementor-widget elementor-widget-image\" data-id=\"ca161d8\" data-element_type=\"widget\" data-e-type=\"widget\" data-widget_type=\"image.default\">\n\t\t\t\t<div class=\"elementor-widget-container\">\n\t\t\t\t\t\t\t\t\t\t\t\t\t\t\t<img fetchpriority=\"high\" decoding=\"async\" width=\"1024\" height=\"1280\" src=\"https:\/\/celinecamilleri.art\/wp-content\/uploads\/tissage-primitif-celine-camilleri.jpg\" class=\"attachment-1536x1536 size-1536x1536 wp-image-306\" alt=\"Tissage primitif - C\u00e9line Camilleri\" srcset=\"https:\/\/celinecamilleri.art\/wp-content\/uploads\/tissage-primitif-celine-camilleri.jpg 1024w, https:\/\/celinecamilleri.art\/wp-content\/uploads\/tissage-primitif-celine-camilleri-240x300.jpg 240w, https:\/\/celinecamilleri.art\/wp-content\/uploads\/tissage-primitif-celine-camilleri-819x1024.jpg 819w, https:\/\/celinecamilleri.art\/wp-content\/uploads\/tissage-primitif-celine-camilleri-768x960.jpg 768w\" sizes=\"(max-width: 1024px) 100vw, 1024px\" \/>\t\t\t\t\t\t\t\t\t\t\t\t\t\t\t<\/div>\n\t\t\t\t<\/div>\n\t\t\t\t<\/div>\n\t\t<div class=\"elementor-element elementor-element-d9839f6 e-con-full e-flex e-con e-child\" data-id=\"d9839f6\" data-element_type=\"container\" data-e-type=\"container\" data-settings=\"{&quot;background_background&quot;:&quot;classic&quot;}\">\n\t\t\t\t<div class=\"elementor-element elementor-element-28cffb4 elementor-widget elementor-widget-image\" data-id=\"28cffb4\" data-element_type=\"widget\" data-e-type=\"widget\" data-widget_type=\"image.default\">\n\t\t\t\t<div class=\"elementor-widget-container\">\n\t\t\t\t\t\t\t\t\t\t\t\t\t\t\t<img decoding=\"async\" width=\"1280\" height=\"1024\" src=\"https:\/\/celinecamilleri.art\/wp-content\/uploads\/tissage-primitif-celine-camilleri-02.jpg\" class=\"attachment-1536x1536 size-1536x1536 wp-image-381\" alt=\"Tissage primitif - C\u00e9line Camilleri\" srcset=\"https:\/\/celinecamilleri.art\/wp-content\/uploads\/tissage-primitif-celine-camilleri-02.jpg 1280w, https:\/\/celinecamilleri.art\/wp-content\/uploads\/tissage-primitif-celine-camilleri-02-300x240.jpg 300w, https:\/\/celinecamilleri.art\/wp-content\/uploads\/tissage-primitif-celine-camilleri-02-1024x819.jpg 1024w, https:\/\/celinecamilleri.art\/wp-content\/uploads\/tissage-primitif-celine-camilleri-02-768x614.jpg 768w\" sizes=\"(max-width: 1280px) 100vw, 1280px\" \/>\t\t\t\t\t\t\t\t\t\t\t\t\t\t\t<\/div>\n\t\t\t\t<\/div>\n\t\t\t\t<\/div>\n\t\t<div class=\"elementor-element elementor-element-a859c8c e-con-full e-flex e-con e-child\" data-id=\"a859c8c\" data-element_type=\"container\" data-e-type=\"container\" data-settings=\"{&quot;background_background&quot;:&quot;classic&quot;}\">\n\t\t\t\t<div class=\"elementor-element elementor-element-96cbab3 elementor-widget elementor-widget-image\" data-id=\"96cbab3\" data-element_type=\"widget\" data-e-type=\"widget\" data-widget_type=\"image.default\">\n\t\t\t\t<div class=\"elementor-widget-container\">\n\t\t\t\t\t\t\t\t\t\t\t\t\t\t\t<img decoding=\"async\" width=\"1280\" height=\"1024\" src=\"https:\/\/celinecamilleri.art\/wp-content\/uploads\/tissage-primitif-celine-camilleri-03.jpg\" class=\"attachment-1536x1536 size-1536x1536 wp-image-817\" alt=\"Tissage primitif 1\" srcset=\"https:\/\/celinecamilleri.art\/wp-content\/uploads\/tissage-primitif-celine-camilleri-03.jpg 1280w, https:\/\/celinecamilleri.art\/wp-content\/uploads\/tissage-primitif-celine-camilleri-03-300x240.jpg 300w, https:\/\/celinecamilleri.art\/wp-content\/uploads\/tissage-primitif-celine-camilleri-03-1024x819.jpg 1024w, https:\/\/celinecamilleri.art\/wp-content\/uploads\/tissage-primitif-celine-camilleri-03-768x614.jpg 768w\" sizes=\"(max-width: 1280px) 100vw, 1280px\" \/>\t\t\t\t\t\t\t\t\t\t\t\t\t\t\t<\/div>\n\t\t\t\t<\/div>\n\t\t\t\t<\/div>\n\t\t\t\t\t<\/div>\n\t\t\t\t<\/div>\n\t\t\t\t<\/div>","protected":false},"excerpt":{"rendered":"<p>TISSAGE PRIMITIF \u00c0 travers une installation en laine guip\u00e9e, C\u00e9line illustre notre lien intrins\u00e8que \u00e0 la nature et son caract\u00e8re mouvant, parfois paisible, parfois tumultueux. Son \u0153uvre, m\u00e9taphore d\u2019un labyrinthe organique, est une recherche de \u00abtroisi\u00e8me peau\u00bb, un filtre qui questionne notre perception de la nature comme un espace partag\u00e9 et cyclique.Cette approche fait \u00e9cho [&hellip;]<\/p>\n","protected":false},"author":1,"featured_media":0,"parent":0,"menu_order":0,"comment_status":"closed","ping_status":"closed","template":"","meta":{"footnotes":""},"class_list":["post-373","page","type-page","status-publish","hentry"],"_links":{"self":[{"href":"https:\/\/celinecamilleri.art\/en\/wp-json\/wp\/v2\/pages\/373","targetHints":{"allow":["GET"]}}],"collection":[{"href":"https:\/\/celinecamilleri.art\/en\/wp-json\/wp\/v2\/pages"}],"about":[{"href":"https:\/\/celinecamilleri.art\/en\/wp-json\/wp\/v2\/types\/page"}],"author":[{"embeddable":true,"href":"https:\/\/celinecamilleri.art\/en\/wp-json\/wp\/v2\/users\/1"}],"replies":[{"embeddable":true,"href":"https:\/\/celinecamilleri.art\/en\/wp-json\/wp\/v2\/comments?post=373"}],"version-history":[{"count":37,"href":"https:\/\/celinecamilleri.art\/en\/wp-json\/wp\/v2\/pages\/373\/revisions"}],"predecessor-version":[{"id":820,"href":"https:\/\/celinecamilleri.art\/en\/wp-json\/wp\/v2\/pages\/373\/revisions\/820"}],"wp:attachment":[{"href":"https:\/\/celinecamilleri.art\/en\/wp-json\/wp\/v2\/media?parent=373"}],"curies":[{"name":"wp","href":"https:\/\/api.w.org\/{rel}","templated":true}]}}

<div data-elementor-type="wp-page" data-elementor-id="373" class="elementor elementor-373">
				<div class="elementor-element elementor-element-e1c5aa4 e-flex e-con-boxed e-con e-parent" data-id="e1c5aa4" data-element_type="container" data-e-type="container">
					<div class="e-con-inner">
		<div class="elementor-element elementor-element-40ab803 e-con-full e-flex e-con e-child" data-id="40ab803" data-element_type="container" data-e-type="container">
				<div class="elementor-element elementor-element-dbe71e9 elementor-widget elementor-widget-heading" data-id="dbe71e9" data-element_type="widget" data-e-type="widget" data-widget_type="heading.default">
				<div class="elementor-widget-container">
					<h1 class="elementor-heading-title elementor-size-default">PRIMITIVE WEAVING</h1>				</div>
				</div>
				<div class="elementor-element elementor-element-5ac5a89 elementor-widget elementor-widget-text-editor" data-id="5ac5a89" data-element_type="widget" data-e-type="widget" data-widget_type="text-editor.default">
				<div class="elementor-widget-container">
									<p>Through a woven wool installation, Céline Camilleri illustrates our intrinsic connection to nature and its ever-changing essence—at times serene, at times tumultuous. Her work, a metaphor for an organic labyrinth, represents a search for a «third skin,» a conceptual filter that challenges our perception of nature as a shared, cyclical space.<br />This approach is deeply informed by her experiences in rural landscapes, where she observes the complex interactions between humans and their environment. Her weaving becomes a powerful symbol of interconnected trajectories and natural cycles, offering a sensitive and thought-provoking interpretation of our relationship to the living world.</p>								</div>
				</div>
				</div>
					</div>
				</div>
		<div class="elementor-element elementor-element-0ac9674 e-flex e-con-boxed e-con e-parent" data-id="0ac9674" data-element_type="container" data-e-type="container">
					<div class="e-con-inner">
		<div class="elementor-element elementor-element-5142288 e-con-full e-flex e-con e-child" data-id="5142288" data-element_type="container" data-e-type="container" data-settings="{&quot;background_background&quot;:&quot;classic&quot;}">
				<div class="elementor-element elementor-element-2770f00 elementor-widget elementor-widget-text-editor" data-id="2770f00" data-element_type="widget" data-e-type="widget" data-widget_type="text-editor.default">
				<div class="elementor-widget-container">
									<p><strong>Primitive Weaving 1 <br />January 2024<br />Maison&amp;Objet Show</strong><br />400 x 300 x 100 cm, wool and metal wire</p>								</div>
				</div>
				<div class="elementor-element elementor-element-ca161d8 elementor-widget elementor-widget-image" data-id="ca161d8" data-element_type="widget" data-e-type="widget" data-widget_type="image.default">
				<div class="elementor-widget-container">
															<img fetchpriority="high" decoding="async" width="1024" height="1280" src="https://celinecamilleri.art/wp-content/uploads/tissage-primitif-celine-camilleri.jpg" class="attachment-1536x1536 size-1536x1536 wp-image-306" alt="Tissage primitif - Céline Camilleri" srcset="https://celinecamilleri.art/wp-content/uploads/tissage-primitif-celine-camilleri.jpg 1024w, https://celinecamilleri.art/wp-content/uploads/tissage-primitif-celine-camilleri-240x300.jpg 240w, https://celinecamilleri.art/wp-content/uploads/tissage-primitif-celine-camilleri-819x1024.jpg 819w, https://celinecamilleri.art/wp-content/uploads/tissage-primitif-celine-camilleri-768x960.jpg 768w" sizes="(max-width: 1024px) 100vw, 1024px" />															</div>
				</div>
				</div>
		<div class="elementor-element elementor-element-d9839f6 e-con-full e-flex e-con e-child" data-id="d9839f6" data-element_type="container" data-e-type="container" data-settings="{&quot;background_background&quot;:&quot;classic&quot;}">
				<div class="elementor-element elementor-element-28cffb4 elementor-widget elementor-widget-image" data-id="28cffb4" data-element_type="widget" data-e-type="widget" data-widget_type="image.default">
				<div class="elementor-widget-container">
															<img decoding="async" width="1280" height="1024" src="https://celinecamilleri.art/wp-content/uploads/tissage-primitif-celine-camilleri-02.jpg" class="attachment-1536x1536 size-1536x1536 wp-image-381" alt="Tissage primitif - Céline Camilleri" srcset="https://celinecamilleri.art/wp-content/uploads/tissage-primitif-celine-camilleri-02.jpg 1280w, https://celinecamilleri.art/wp-content/uploads/tissage-primitif-celine-camilleri-02-300x240.jpg 300w, https://celinecamilleri.art/wp-content/uploads/tissage-primitif-celine-camilleri-02-1024x819.jpg 1024w, https://celinecamilleri.art/wp-content/uploads/tissage-primitif-celine-camilleri-02-768x614.jpg 768w" sizes="(max-width: 1280px) 100vw, 1280px" />															</div>
				</div>
				</div>
		<div class="elementor-element elementor-element-a859c8c e-con-full e-flex e-con e-child" data-id="a859c8c" data-element_type="container" data-e-type="container" data-settings="{&quot;background_background&quot;:&quot;classic&quot;}">
				<div class="elementor-element elementor-element-96cbab3 elementor-widget elementor-widget-image" data-id="96cbab3" data-element_type="widget" data-e-type="widget" data-widget_type="image.default">
				<div class="elementor-widget-container">
															<img decoding="async" width="1280" height="1024" src="https://celinecamilleri.art/wp-content/uploads/tissage-primitif-celine-camilleri-03.jpg" class="attachment-1536x1536 size-1536x1536 wp-image-817" alt="Tissage primitif 1" srcset="https://celinecamilleri.art/wp-content/uploads/tissage-primitif-celine-camilleri-03.jpg 1280w, https://celinecamilleri.art/wp-content/uploads/tissage-primitif-celine-camilleri-03-300x240.jpg 300w, https://celinecamilleri.art/wp-content/uploads/tissage-primitif-celine-camilleri-03-1024x819.jpg 1024w, https://celinecamilleri.art/wp-content/uploads/tissage-primitif-celine-camilleri-03-768x614.jpg 768w" sizes="(max-width: 1280px) 100vw, 1280px" />															</div>
				</div>
				</div>
					</div>
				</div>
				</div>

<p>TISSAGE PRIMITIF À travers une installation en laine guipée, Céline illustre notre lien intrinsèque à la nature et son caractère mouvant, parfois paisible, parfois tumultueux. Son œuvre, métaphore d’un labyrinthe organique, est une recherche de «troisième peau», un filtre qui questionne notre perception de la nature comme un espace partagé et cyclique.Cette approche fait écho [&hellip;]</p>
